 9. Suppose -2*z - 5*r - 33 = 0, 4*z - 3*r = -0*r - 1. Give o(z).
-57
Let t(w) = -18*w - 271. Let p = -38741 + 38726. Determine t(p).
-1
Let s(b) be the first derivative of -2*b**3/3 + 3*b**2 - 2*b - 2. Suppose -35 = -2*u - 8*p + 3*p, -5 = 3*u - 4*p. Suppose 18*q - u*q = 52. What is s(q)?
-10
Let f(y) = y + 4. Suppose -n + 2*q = 28, -37 = 3*n - q + 37. Let d = -66 + 46. Let s be -10 + (n/d)/(2/5). Calculate f(s).
-3
Let g(j) = 2*j + 10. Let v(h) = 7*h**3 - 11*h**2 - 6*h - 15. Let m(i) = 11*i**3 - 16*i**2 - 8*i - 23. Let o(y) = 5*m(y) - 8*v(y). Let r be o(9). Determine g(r).
2
Let m(b) be the first derivative of -2*b**3 + 1/4*b**4 - 4*b + 2*b**2 - 202. Give m(6).
20
Let h(j) be the second derivative of 2*j**3 + 13*j**2/2 - 5*j - 80. What is h(-3)?
-23
Suppose -2*t - 6 = -26. Let f be ((-6)/(-4))/(5/t). Let v(b) = -3*b + 3 + b + 3*b. What is v(f)?
6
Let w(g) = -g**2 + g + 1. Let u(n) = -n**3 + 36*n**2 - 34*n - 37. Let q(b) = -u(b) + 4*w(b). What is q(39)?
2
Let x = -25 - -5. Let b(q) = -32 - 20*q**2 - 32 + 21 + 0*q**3 - q**3 - 2*q. Let d be b(x). Let o(i) = i**2 + 5*i + 3. Calculate o(d).
-3
Let c(n) = n**3 - n**2 - n. Let k = 66 + -54. Let y = -13 + k. Let p(l) = -2*l**3 + 4*l**2 + 1. Let f(d) = y*p(d) - 3*c(d). Determine f(2).
-7
Let d(o) be the third derivative of 7/60*o**5 + 1/120*o**6 - 1/12*o**4 + 61*o**2 - 5/3*o**3 + 0 + 0*o. What is d(-7)?
4
Suppose 62*c + 117 = 71*c. Suppose 0 = -20*h + c - 33. Let k(q) = 13*q**3 - q - 1. Calculate k(h).
-13
Suppose -4*y + 64 = 3*c, -c = y - 3*c - 16. Suppose -2 = 2*n + y. Let q = 11 + n. Let m(t) = -7*t + 1. Give m(q).
-13
Let o(i) = 4*i - 7. Let c(h) = 7*h - 11. Let a(y) = 3*c(y) - 5*o(y). Let v(t) = -2. Let s(g) = a(g) - 2*v(g). Suppose -25 = 3*l - 5*w + 18, -w = -5. Give s(l).
0
Let x(v) = 3 + 0 + 0 + 5 + 6 - 12*v. What is x(2)?
-10
Suppose 4*t - 2 = 2*t. Let b(i) = -20*i**3 + 2*i**2 + 1 - 2*i - 13*i**3 - 10*i**3 + 51*i**3. Calculate b(t).
9
Let h(n) = n**3 - 3*n**2 - 14*n - 3. Let w = -313 - -305. Let d(y) = -y**2 - 5*y - 1. Let a(l) = w*d(l) + 3*h(l). What is a(-1)?
-3
Suppose -3*s + 12 = -7*s. Let q(t) = 3*t**2 - 3*t + 8. Let j(x) = -2*x**2 + 4*x - 7. Let l(r) = s*q(r) - 4*j(r). Suppose 229 = -22*v + 53. What is l(v)?
-4
Let d = 70 - 66. Suppose d*p + 24 = 4*s, -8 = s - 3*s + 4*p. Let b(x) = -1585*x**3 - 7 - 2 - s*x**2 + 1586*x**3. What is b(8)?
-9
Let o(a) = 7*a - 6*a + 4*a**2 + a**3 + 5*a - 2*a. Let c(r) = 3*r**3 - r**2 - 3*r - 2. Let z be c(-1). What is o(z)?
-3
Let f(z) = 14*z - 53 - 290 + 69 - 243 - 21. Determine f(39).
8
Let q be (-32)/(-56)*(3/(-2))/(51/(-119)). Let r(c) be the first derivative of 0*c + 1/2*c**2 + q. Determine r(5).
5
Let m(n) be the first derivative of -n**2/2 + 9*n + 453. Calculate m(7).
2
Let m(d) = d**3 - 7*d**2 + 18*d - 11. Let u be m(5). Suppose -4*g + 2*n = -8, 4*g = -2*n + u - 21. Let p(k) = 6*k. Give p(g).
12
Let j(g) be the third derivative of -g**5/30 + 23*g**4/24 + 5*g**3/3 - 8*g**2 - 151*g. Give j(11).
21
Let n(j) = 200*j**2 - 2 + 2 - 1 - 3*j + 4*j - 221*j**2. Let y = -152 + 153. What is n(y)?
-21
Let a = -902 - -940. Let o(j) = a - 27*j - 26*j - 25*j + 81*j. What is o(-11)?
5
Let k(o) = -3*o**2 + 9*o - 32. Suppose 9 = 1966*g - 1963*g. Determine k(g).
-32
Let i(k) = -46*k - 30 + 45 + 16 + 143. What is i(4)?
-10
Let c(s) = s + 3. Let p(f) = 4*f**2 - 23*f + 27. Let k(d) = 9*d**2 - 47*d + 52. Let l(o) = -3*k(o) + 7*p(o). Let w be l(18). Give c(w).
0
Let z(k) = -k + 6. Let o = -479 + 298. Let c = o - -175. Determine z(c).
12
Let q(m) be the third derivative of 0*m + 0 + 1/2*m**3 - 1/24*m**4 - 27*m**2. Determine q(2).
1
Let i be 1*(1 - 2) - (-5 + 0). Suppose a + i = 0, 0 = -5*z - 5*a + 10. Let p(k) = 3 + 4*k + 6 - z - 5*k. Calculate p(5).
-2
Let t(f) = -f**3 - 2*f**2 + 4*f + 4. Suppose -223 + 69 = 2*y. Let m = y - -93. Suppose 0 = 3*w + 28 - m. What is t(w)?
20
Let h(p) = 3*p - 18. Let r(y) be the second derivative of -y**5/10 - 13*y**4/6 + 14*y**3/3 + 4*y**2 + 174*y. Let u be r(-14). Determine h(u).
6
Suppose -80*h = -73*h - 56. Let z(v) = v**3 - 86*v**2 - h + 3*v + 3 + 82*v**2. What is z(4)?
7
Let s(w) be the second derivative of 1/20*w**5 + 5/12*w**4 + 2*w - 5/2*w**2 - 2/3*w**3 + 26. Determine s(-6).
-17
Suppose 0 = -27*p - 13 + 87 - 20. Let w(j) = -10*j**2 + 5*j - 10. What is w(p)?
-40
Let l(u) = -u**3 + 12*u**2 - 21*u + 7. Suppose -6*y + 53 = 8*y - 87. What is l(y)?
-3
Let w(j) = j - 7. Suppose 5*r = 2*v - 579, 3*v - 48*r = -45*r + 855. Let n = v - 273. Determine w(n).
2
Let c(j) = j**3 - 13*j**2 - 15*j + 20. Suppose -239*y = -247*y + 112. Give c(y).
6
Let z(q) = 2*q + 13. Let i(g) = g**3 - g**2 + g + 1. Let j(l) = 5*l**3 - 5*l**2 + 4*l - 5. Let o(r) = 2*i(r) - j(r). Let v be o(2). What is z(v)?
-5
Suppose 65 = -21*j - 838. Let x = j + 46. Let p(k) = k**2 - k + 1. Determine p(x).
7
Let y(l) = -20*l - 37. Let b be y(-2). Let k(n) = 1 + 2 + 11*n + n**b - 10*n + 5*n**2 - 5. What is k(-5)?
-7
Suppose -3*k = 4*q - 100, -52 = 2*k - 5*q - 88. Let i = k - 34. Let d(p) = -4*p - 21. Calculate d(i).
3
Let v(f) = 3*f. Suppose -5*i + 34 = -6. Suppose u + 5*n + 28 = i, 0 = 5*u + 4*n + 16. Suppose 8 = -4*g, -2*b + u*b + 3*g + 8 = 0. Determine v(b).
3
Let i = 5 + -13. Let t(m) = -20*m**2 - 15*m + 68. Let s(z) = 11*z**2 + 9*z - 36. Let h(q) = 11*s(q) + 6*t(q). Give h(i).
4
Let o(d) be the third derivative of d**6/20 - d**5/60 + d**4/12 - d**3 - 32*d**2 - 5*d - 2. Calculate o(2).
42
Suppose 67 - 195 - 130 = -43*h. Let c(w) = -3 - w - 3*w - 2. Give c(h).
-29
Let p(b) = b - 3. Suppose -5*h + n + 17 = 0, 0 = 2*h + 2*n - 3 + 1. Suppose -c + 2*z - 3 = z, h = -4*c + z. Calculate p(c).
-3
Let o(a) = 3*a - 2. Let t(u) = -20*u + 3. Let x(v) = -4*o(v) - t(v). Let j(y) = -15*y - 8. Let b(g) = 3*j(g) + 5*x(g). Determine b(1).
-4
Let v(x) = 7*x**2 + 13*x - 21. Let r(o) = -3*o**2 - 7*o + 10. Let b = 33 - 24. Let c(k) = b*r(k) + 4*v(k). Let n be c(11). Let z(m) = -m + 4. Calculate z(n).
-2
Suppose -q = -6*q - 4*g - 6, 3*g + 12 = 0. Suppose q*b + 39 = 47. Let f(d) = -9*d - 5. Let c(t) = -8*t - 4. Let p(w) = -4*c(w) + 3*f(w). Determine p(b).
21
Let l(k) be the second derivative of k**5/20 + 3*k**4/4 + k**3/6 + 15*k**2 + 6021*k. Determine l(-9).
21
Let b(n) = -n + 184. Let m(o) = o - 7. Let r(f) = -b(f) - 8*m(f). Determine r(-22).
26
Let q(z) = 2*z**2 - 10*z - 4. Suppose 0 = 10*l - 2*l + 3 - 3. What is q(l)?
-4
Let v(w) = -877*w**2 - 4 + 380*w**2 + 495*w**2 - 12*w. Determine v(-10).
-84
Let n(b) = b + 1. Let u = -41 - -47. Let a be -1 + u/(-2) - (0 - 0). Give n(a).
-3
Suppose -4*n + 2*n + 10 = 0. Let p(u) be the third derivative of u**5/60 - u**4/8 - 5*u**3/6 + 6653*u**2. Determine p(n).
5
Let x(j) = j**3 + 23*j**2 + 21*j - 18. Let q(y) = 2*y**2 + 2*y. Let t(p) = 6*q(p) - x(p). Give t(-10).
8
Let m = -31 - -32. Let q be m/((-4)/(-1 - 23)). Let y(z) = -5 + 11 - q + 1 - 4*z. What is y(1)?
-3
Let v(x) = x**3 - 16*x**2 - 5. Let a = 1440 - 1424. Calculate v(a).
-5
Let k(s) = s**2 + 1. Let r(a) = 6*a**2 - a + 7. Let h(v) = -5*k(v) + r(v). Let q be h(2). Let o(z) = -2*z + 3. Determine o(q).
-5
Let a be 1 - (-4)/(16/20). Let d be (5 + 1)*(-4)/a. Let y(j) = 37*j**2 + 4*j + 1. Let c(m) = -31*m**2 - 4*m - 1. Let f(s) = 6*c(s) + 5*y(s). Give f(d).
-1
Let r(s) = -s**3 - 37*s**2 + s + 43. Suppose 16*j - 6*j = -407 + 37. Calculate r(j).
6
Let r(v) = -2*v**3 + v**2 - v + 6. Let n(i) = -4*i**3 - 9*i**2 - 8*i + 6. Let c(a) = -n(a) + r(a). Calculate c(-5).
-35
Suppose j + 4*p - 19 = 0, 38 = 5*j + 9*p - 8*p. Let s(v) = -2 + 9*v**2 - j + 1 + v**3 + 1 - 4*v**2 - 5*v. Give s(-6).
-13
Suppose b - 27 = -z, 3*b - 2*z - 114 = -b. Suppose 16*n + b - 156 = 0. Let m(d) = d**2 - 8*d + 6. What is m(n)?
6
Let p(k) = k - 59193 - 5*k - 59195 + 118388 + 2*k**2 - 3*k. Let c = 13 + -8. Give p(c).
15
Suppose -5*l = t, -t = 4*t + 25. Let d(p) = -5*p + 2639*p**3 + 3 + p + 3*p - 3 - 2643*p**3. Determine d(l).
-5
Let o(p) be the second derivative of -86*p + 1/6*p**3 + 0 + 6*p**2. Calculate o(-5).
7
Let r be 4 - (-2 + 3 + -3). Let o(m) be the first derivative of m**4/4 - 7*m**3/3 + 5*m**2/2 - 8*m - 979. Determine o(r).
-14
Let a(h) = 10*h + 34. Suppose 0 = -2*k - 9*g + 20, 5*k + 20 = 4*g - 36. Determine a(k).
-46
Let t be 4 - 9/((-9)/32). Let v(u) = -8*u - 35 + 2*u - 2*u + t - u**2. What is v(-10)?
-19
Let i(a) be the second derivati